5*r + 4529 = -4464 - 11137. What is the remainder when r is divided by 439?
25
Let g(q) = -q**3 - 43*q**2 - 122*q - 15. What is the remainder when 163 is divided by g(-40)?
33
Let h(s) = s**2 + 36*s + 65. Suppose 3*j + 2*a + 103 = 0, -a + 11 - 10 = 0. Calculate the remainder when 114 is divided by h(j).
24
Suppose -6*o + 21 = -3*o - 3*s, 2 = -s. Suppose 15 = w + 4*h, -5*w + o*h - 7 = -82. What is the remainder when 104 is divided by w?
14
Suppose 5 = 63*s - 68*s. Let g(b) = -b**3 + 7*b**2 - 4*b - 2. Let z be g(6). What is the remainder when ((-75)/z + s)*-2 is divided by 8?
1
Let y = 222 - 154. Let w(l) = -l**2 + 4. Let i be w(-4). Let k(g) = -g**3 - 12*g**2 - 2*g - 6. Calculate the remainder when y is divided by k(i).
14
Suppose 3*d - 365 = -5*v + 741, 5*v + 5*d - 1090 = 0. What is the remainder when 571 is divided by v?
119
Let h = -42216 + 42225. What is the remainder when 417 is divided by h?
3
Let y(j) = -j**2 - 12*j - 8. Suppose -19*l - 219 = -3278. What is the remainder when l is divided by y(-7)?
26
Let d(y) = 2*y**2 + 8*y + 16. What is the remainder when ((-189)/15)/3*2420/(-132) is divided by d(-5)?
25
Let y(j) = 19*j**3 + 11*j**2 + j + 10. Let h(w) = 4*w**3 + 2*w**2 + 2. Let x(c) = 11*h(c) - 2*y(c). Calculate the remainder when 16 is divided by x(1).
4
What is the remainder when 159 is divided by (-1)/(-5) - (-1440)/300?
4
Suppose -4*q = -5*g + 5, 4*g - g - 10 = q. Suppose 3*t - 8 = -g*r, -5*t = r + 7 - 57. Suppose 2*l - 55 = -19. Calculate the remainder when l is divided by t.
7
Let g = 381 - 250. Suppose -c = 81 - g. Calculate the remainder when c is divided by 14.
8
Let x be (4935/12)/5 + 1/(-4). Let s = -77 + x. Suppose -m = -4*b + 33, 4 - 19 = -5*m. What is the remainder when b is divided by s?
4
Let k = 25699 - 25621. What is the remainder when 6781 is divided by k?
73
Let n(u) = -170*u - 490. What is the remainder when 398 is divided by n(-3)?
18
Let h(m) = -182*m - 850. Calculate the remainder when h(-5) is divided by 34.
26
Let s(w) = -8*w - 46. Let o(m) = 23*m + 139. Let p(h) = 6*o(h) + 17*s(h). Let q be p(-19). Calculate the remainder when (-4)/q + (-3885)/(-49) is divided by 8.
7
Let o = 2820 + -2809. Let u = 1 - -4. Suppose u*d - o - 24 = 0. What is the remainder when 18 is divided by d?
4
Suppose -10*u = -13*u + 27. Suppose u*j = -2*j + 121. Calculate the remainder when j is divided by 11.
0
Suppose -285*m + 11088 = -273*m. What is the remainder when m is divided by 189?
168
Calculate the remainder when 665 is divided by (-34)/(816/36)*-2.
2
Let r be (358/16 - 2) + 123/(-328). Let f(h) = h**2 - h + 38. Calculate the remainder when f(r) is divided by 28.
26
Suppose 0 = -5*v + n + 5147, 2072 = 547*v - 545*v + 4*n. What is the remainder when v is divided by 148?
142
What is the remainder when 439 is divided by ((-53)/(795/6))/(2/(-835))?
105
Let m be ((135/(-6))/9)/(-1)*2. Suppose 650 = -0*r + 5*r. What is the remainder when r is divided by ((-30)/m)/((-4)/22) + 0?
31
Let k be (-1 + (-3)/(-9))*-3. Let i be ((-81)/9 - -4) + 7. Suppose 0 = -5*d + r + 77 - 27, -i = k*d + 4*r. Calculate the remainder when 43 is divided by d.
7
What is the remainder when 583 is divided by (9 - 2)/(7 + -8 - (-29)/28)?
191
Let u(f) = -f**3 - 2*f**2 + 10*f - 8. Let b = -48 - -52. Suppose -5*o + v + 31 = -113, 0 = -b*o - v + 108. What is the remainder when o is divided by u(-5)?
11
Suppose -3*o + 4*d + 73 = 0, 3*o - 2*d - 69 = d. Let y = o - 9. Let p = 1757 - 1751. Calculate the remainder when y is divided by p.
4
Let i = -1918 + 2020. Calculate the remainder when i is divided by 16.
6
Suppose -4*b + 2*c + 24 = c, 3*b = -c + 11. Suppose -21 + 371 = b*h. Suppose 0 = -3*z + h + 56. Calculate the remainder when z is divided by 22.
20
Let y be ((-2)/9)/(96/(-432)). Let o(s) = 108*s**2 - 6*s + 7. Calculate the remainder when o(y) is divided by 38.
33
Suppose -2*u + 0*u + 48 = 0. Suppose 2*p - 11 = -5. Suppose 4*r + 3*d - 5*d - 850 = 0, 0 = -p*r + 2*d + 637. What is the remainder when r is divided by u?
21
Let b = 36700 + -35094. Calculate the remainder when b is divided by 321.
1
Let b = -7829 + 9179. Calculate the remainder when b is divided by 7.
6
Let l(x) = -x**3 + 10*x**2 - 49*x + 217. Calculate the remainder when 1815 is divided by l(6).
6
Let d = -15639 + 15734. Calculate the remainder when d is divided by 4.
3
Let v(h) = 2*h**2 + 9*h - 10. Let l be v(-9). Suppose -l = 5*i + 5*b - 546, 5*b - 205 = -2*i. Let x = 113 - i. Calculate the remainder when 66 is divided by x.
20
Suppose 198 = -20*p + 24*p + 5*l, 3*p - 3*l = 162. Calculate the remainder when p is divided by 14.
10
Suppose -6*z + 5*j + 232 = -3*z, -4*z + 310 = -6*j. Suppose -5*k + 3*t = -177, 2*k + 5*t = -k + z. Calculate the remainder when k is divided by 17.
16
Let m = 42517 + -38027. What is the remainder when m is divided by 102?
2
Let f = -77 + 84. Suppose -5*h + 175 = 3*m - f*m, 0 = 5*m. Let v(l) = -2*l**3 - 5*l**2 + 4*l - 4. Calculate the remainder when v(-5) is divided by h.
31
Let q be (9/3 - 2) + 890/10. Suppose 4*r = -3*g + q, 21 = g - 3*r - 9. Suppose 22*b + g = 27*b. What is the remainder when 15 is divided by b?
3
Suppose 6*b - 3*b = 2*v + 88, 3*v = 5*b - 147. Let j(h) = h + 187. Let s be j(-34). Calculate the remainder when (s/18)/17 - 466/(-4) is divided by b.
27
Let f(l) = 5*l**3 - 25*l**2 + 114*l - 31. What is the remainder when f(5) is divided by 54?
53
Let v(h) be the first derivative of h**4/4 - h**3/3 + 7*h**2/2 + 35*h - 54. What is the remainder when 65 is divided by v(0)?
30
Suppose -129*u - 165*u - 191054 + 540326 = 0. What is the remainder when u is divided by 32?
4
Calculate the remainder when -58*(-260)/195*(-3)/(-2) is divided by 3 + (57 - 4/4).
57
Let t(r) = -3*r + 21*r + 10 + 0*r. Let l be t(2). Let p = 65 - l. What is the remainder when 54 is divided by p?
16
What is the remainder when 1*3*((-3324)/(-36) + 27) is divided by 133?
92
Let h = 26746 - 26734. What is the remainder when 462 is divided by h?
6
Suppose -5*t = -3*j + 216, -12 = 3*t + 15. What is the remainder when 1704 is divided by j?
51
Let n(u) = 102*u - 6. Let h be n(2). Let z = h + -291. Let j = -37 - z. Calculate the remainder when j is divided by 15.
11
Let f = 160 + -152. Suppose 0 = 4*r - 3*k - 31, 3*r - f*r = -3*k - 35. Let s = 38 + -27. Calculate the remainder when s is divided by r.
3
Calculate the remainder when 1519 is divided by (11 - 2) + 9/(-63)*-217.
39
Let a = -123 - -130. Let s(k) = 18*k - 66. Calculate the remainder when s(a) is divided by 26.
8
Let g = 3794 - 3712. What is the remainder when 490 is divided by g?
80
Suppose -259*n + 341*n - 5084 = 0. Suppose 4*l - 20 = 0, 0 = f + 4*l + l - 24. What is the remainder when n is divided by 1/(f + 14/13)?
10
Let s = 1610 + -1567. Calculate the remainder when 1716 is divided by s.
39
Let p = 110 + -9. Let q(o) = -o**2 - 9*o + 543. What is the remainder when p is divided by q(19)?
2
Suppose 49*y = -2*y + 3468. What is the remainder when y is divided by 24?
20
Let j(f) = 11*f + f**2 - 3*f + 21 - 17*f. Let o be j(6). Suppose -208 = -7*l + o*l. Calculate the remainder when l is divided by 19.
14
Let i(c) = -223*c**3 - 21*c**2 - 20*c - 1. What is the remainder when 646 is divided by i(-1)?
204
Let z(i) = -44*i + 1160. What is the remainder when z(-134) is divided by 39?
36
Let t(u) = 4*u**3 - 18*u**2 - 35*u + 30. What is the remainder when 1403 is divided by t(6)?
35
Let j = 5439 + -5257. Calculate the remainder when 871 is divided by j.
143
Let i(l) = l**3 + 6*l**2 - 19*l - 11. Suppose -5*q + 40 = -5*o, -q = -5*o + 2 - 38. Calculate the remainder when 140 is divided by i(o).
67
Let u be (-2)/(-9) - 30/(-54)*41. Let n = 130 + u. Calculate the remainder when n is divided by 39.
36
Let t = 192390 - 192351. Suppose -189 = 3*g - 519. What is the remainder when g is divided by t?
32
Suppose 5*g + 5*h + 3 + 2 = 0, 4*h + 16 = 0. Suppose -m = -4*a - 3*m + 784, -196 = -a - g*m. What is the remainder when a is divided by 18?
16
Let k(l) = l**3 - 11*l**2 - 18*l - 11. What is the remainder when 2321 is divided by k(13)?
89
What is the remainder when -5*((-48)/84)/(30/2751) is divided by 25?
12
Suppose x = -3*l - 2, -2 = -2*x - 5*l - 1. Let v(d) = 33*d - 980. What is the remainder when v(31) is divided by x?
4
Let o = -390 + 406. Suppose -20*m + o